alculate the greatest common divisor of 61808 and 40.
8
Calculate the greatest common divisor of 728 and 22022.
182
Calculate the greatest common divisor of 304292 and 508.
508
What is the highest common divisor of 8 and 219?
1
Calculate the greatest common divisor of 24 and 1443.
3
What is the highest common factor of 124017 and 402?
201
Calculate the greatest common divisor of 20 and 43560.
20
Calculate the highest common factor of 160 and 4908960.
160
Calculate the highest common factor of 110 and 116666.
22
Calculate the greatest common factor of 498470 and 98.
14
What is the greatest common factor of 277990 and 45?
5
What is the greatest common factor of 484 and 12124?
4
What is the highest common divisor of 1814679 and 489?
489
Calculate the highest common factor of 9288 and 3186.
54
Calculate the highest common factor of 63 and 24795.
9
Calculate the highest common factor of 4428 and 1560.
12
Calculate the greatest common divisor of 23415 and 1015.
35
What is the greatest common divisor of 25 and 217825?
25
What is the greatest common factor of 1386 and 553476?
462
Calculate the greatest common divisor of 73 and 7757.
1
What is the greatest common divisor of 430078 and 66?
22
Calculate the greatest common factor of 3904 and 305.
61
What is the highest common divisor of 1572 and 2359834?
262
What is the highest common factor of 2941 and 102?
17
Calculate the highest common divisor of 229913 and 223.
223
Calculate the greatest common factor of 371 and 9289.
7
Calculate the greatest common factor of 437676 and 24.
12
Calculate the highest common factor of 28 and 134876.
28
What is the highest common factor of 111077 and 1108?
277
Calculate the greatest common divisor of 16752 and 5616.
48
Calculate the highest common divisor of 62716 and 196.
4
Calculate the greatest common factor of 275 and 1133.
11
What is the greatest common factor of 517 and 20821?
47
What is the greatest common factor of 50568 and 12054?
294
What is the highest common factor of 51674 and 84?
14
Calculate the highest common factor of 960 and 2256.
48
What is the greatest common factor of 1393 and 462675?
199
Calculate the greatest common factor of 29755 and 2981.
11
Calculate the highest common divisor of 84716 and 4.
4
Calculate the greatest common factor of 35 and 190631.
7
Calculate the highest common divisor of 98 and 2597.
49
What is the highest common divisor of 20385 and 4995?
135
What is the greatest common factor of 145 and 2395516?
29
Calculate the greatest common factor of 6980 and 910.
10
Calculate the highest common factor of 4500 and 36.
36
Calculate the highest common factor of 351 and 120825.
27
What is the highest common divisor of 85359 and 777?
111
What is the highest common divisor of 17 and 18530?
17
What is the highest common divisor of 45288 and 274392?
2664
Calculate the greatest common divisor of 450 and 1720530.
90
What is the greatest common factor of 1406 and 2960333?
703
Calculate the highest common factor of 780 and 429.
39
Calculate the greatest common divisor of 2586 and 327129.
1293
Calculate the greatest common factor of 4600 and 2500.
100
Calculate the highest common factor of 207563 and 1.
1
What is the highest common divisor of 552 and 909512?
184
Calculate the greatest common divisor of 1801164 and 12.
12
Calculate the greatest common factor of 860760 and 20.
20
What is the greatest common factor of 98919 and 261?
261
What is the greatest common divisor of 2992 and 28832?
272
What is the highest common divisor of 88165 and 77?
77
Calculate the greatest common factor of 11453 and 4433.
13
Calculate the highest common divisor of 3 and 1901.
1
Calculate the greatest common divisor of 25 and 28825.
25
Calculate the highest common factor of 2001 and 437.
23
What is the highest common factor of 110592 and 121344?
1536
What is the greatest common factor of 1225363 and 67?
67
Calculate the highest common divisor of 66 and 107987.
11
What is the highest common factor of 216 and 7749?
27
Calculate the greatest common divisor of 25 and 4494475.
25
Calculate the greatest common divisor of 1666 and 21.
7
Calculate the highest common factor of 367255 and 455.
35
What is the highest common factor of 1178 and 161324?
62
Calculate the greatest common divisor of 43360 and 64.
32
What is the highest common divisor of 172 and 5632?
4
What is the greatest common factor of 106260 and 66?
66
What is the greatest common factor of 3712 and 3944?
232
Calculate the highest common divisor of 5355 and 70.
35
What is the highest common factor of 923666 and 152?
38
What is the highest common factor of 124592 and 208?
208
What is the greatest common factor of 650805 and 3?
3
What is the highest common divisor of 1360 and 121380?
340
Calculate the greatest common divisor of 36260 and 1120.
140
What is the highest common factor of 5939206 and 91?
91
Calculate the greatest common factor of 489 and 6797589.
489
What is the highest common factor of 138030 and 12900?
1290
What is the greatest common divisor of 222 and 13245186?
222
What is the highest common divisor of 133770 and 20?
10
Calculate the greatest common divisor of 315 and 42980.
35
What is the highest common divisor of 150 and 15945?
15
What is the highest common divisor of 406 and 29638?
406
What is the greatest common divisor of 972 and 10182?
6
Calculate the greatest common factor of 850 and 26710.
10
What is the highest common divisor of 42 and 129850?
14
What is the highest common factor of 17949 and 1209?
93
Calculate the greatest common divisor of 44323 and 4191.
127
What is the highest common divisor of 1300 and 1755?
65
Calculate the greatest common factor of 242680 and 15.
5
What is the greatest common factor of 665224 and 294?
98
What is the greatest common divisor of 154 and 7403?
11
Calculate the greatest common factor of 3596527 and 682.
341
What is the highest common factor of 350 and 23870?
70
Calculate the highest common factor of 294679 and 445.
89
Calculate the highest common factor of 1855 and 147605.
265
Calculate the highest common divisor of 436254 and 102.
102
Calculate the highest common factor of 60 and 702090.
30
Calculate the greatest common factor of 28140 and 17220.
420
Calculate the highest common factor of 12 and 126264.
12
Calculate the highest common factor of 798 and 195909.
399
Calculate the greatest common factor of 169 and 783.
1
What is the greatest common divisor of 783 and 17835?
87
Calculate the highest common factor of 96 and 6544.
16
What is the greatest common factor of 6545 and 275?
55
Calculate the highest common factor of 10526 and 416054.
554
Calculate the highest common divisor of 363 and 49423.
11
What is the highest common factor of 483506 and 457?
457
What is the greatest common factor of 70473 and 2028?
507
Calculate the greatest common factor of 4755700 and 76.
76
What is the highest common factor of 897612 and 18843?
1713
What is the highest common divisor of 35 and 15092?
7
What is the greatest common factor of 135148 and 28928?
452
Calculate the highest common divisor of 5094 and 4014.
18
Calculate the highest common divisor of 46 and 195914.
46
Calculate the greatest common factor of 124619 and 363.
11
What is the highest common factor of 1619737 and 1414?
707
Calculate the highest common factor of 117 and 1926.
9
Calculate the highest common divisor of 1333449 and 2358.
1179
Calculate the greatest common factor of 742 and 29134.
14
What is the highest common factor of 120523 and 39?
13
Calculate the greatest common factor of 1274 and 309218.
182
What is the highest common divisor of 58279 and 65?
13
What is the highest common divisor of 78807 and 482?
241
What is the highest common divisor of 73861 and 1585?
317
What is the highest common divisor of 83 and 1362?
1
What is the highest common factor of 364808 and 496?
248
What is the highest common factor of 690 and 25076670?
690
Calculate the greatest common divisor of 6382 and 746.
2
Calculate the greatest common factor of 127542 and 783.
87
What is the highest common divisor of 274110 and 150?
30
What is the greatest common factor of 58 and 115913?
29
What is the highest common divisor of 113678 and 904?
226
What is the greatest common factor of 3293 and 6179?
37
What is the greatest common 